5714119 prime?
False
Is 2102141809 a prime number?
False
Is 7189298993 prime?
True
Is 24349520066 composite?
True
Is 109309837183 composite?
False
Is 1080506319 composite?
True
Is 359657149 composite?
True
Is 28919869709 a composite number?
False
Is 998994067 a prime number?
True
Is 446906531 a composite number?
False
Is 36361561 prime?
True
Is 920000615569 prime?
False
Is 148225711 a composite number?
False
Is 177408103 a prime number?
False
Is 69885714913 composite?
True
Is 16984162003 composite?
True
Is 36434836993 a prime number?
True
Is 17593885217 composite?
False
Is 846042985 composite?
True
Is 90240216917 composite?
False
Is 3361325171 prime?
True
Is 7048524767 composite?
False
Is 292062887 a composite number?
True
Is 20740585561 a composite number?
True
Is 442859951 a composite number?
False
Is 357789833 a prime number?
True
Is 32178349967 prime?
False
Is 1298670397 composite?
False
Is 2026542379 a composite number?
True
Is 179296829 composite?
False
Is 1118385211 a composite number?
False
Is 14776562861 composite?
False
Is 141317311567 a prime number?
True
Is 27223133807 prime?
True
Is 86579324193 prime?
False
Is 17940203231 a composite number?
False
Is 159506722049 a prime number?
False
Is 1124640541 prime?
True
Is 46352254385 prime?
False
Is 78004411571 a composite number?
True
Is 5771683807 a prime number?
True
Is 117941583113 a prime number?
True
Is 23580648149 a composite number?
True
Is 71928999119 composite?
False
Is 15658556363 prime?
True
Is 53808143189 a composite number?
False
Is 13882151617 a composite number?
True
Is 13227763 a composite number?
True
Is 1444731373 a prime number?
True
Is 3172892671 prime?
False
Is 2316750077 composite?
True
Is 121870975199 composite?
True
Is 302925503 prime?
False
Is 1828856833 prime?
False
Is 31421017658 a composite number?
True
Is 89296793 prime?
True
Is 58972394771 a prime number?
True
Is 960194909 a composite number?
False
Is 189694793 a prime number?
True
Is 190612624379 prime?
True
Is 249938159 prime?
False
Is 6016587881 a prime number?
False
Is 369224021 a composite number?
False
Is 65885792303 a composite number?
False
Is 8186683511 a prime number?
False
Is 597170657 prime?
False
Is 24694941298 prime?
False
Is 1950593809 prime?
True
Is 61153321 composite?
True
Is 1091618651 a prime number?
True
Is 24781952123 a composite number?
False
Is 211308263 prime?
True
Is 243870313531 a composite number?
True
Is 50356851991 composite?
False
Is 56952893 composite?
False
Is 159936562187 prime?
True
Is 17505083 a prime number?
True
Is 389411909 a prime number?
True
Is 108427757 prime?
True
Is 15430031 composite?
True
Is 1876411687 prime?
False
Is 92305297169 a prime number?
True
Is 6079930081 a composite number?
False
Is 23029450621 composite?
False
Is 197033213521 a prime number?
True
Is 3210886829 prime?
False
Is 677008091 prime?
True
Is 10286597 a composite number?
False
Is 88334013487 a composite number?
False
Is 462789781 a prime number?
True
Is 51034820717 composite?
False
Is 375565117 prime?
True
Is 254459876927 composite?
True
Is 8498034047 composite?
False
Is 622013603 composite?
True
Is 3319834101 a composite number?
True
Is 84606825811 prime?
True
Is 2967121093 a prime number?
False
Is 199514311 composite?
True
Is 2589627581 a prime number?
True
Is 10452466771 prime?
False
Is 1078365917 prime?
False
Is 15403556111 composite?
True
Is 19240222801 a composite number?
False
Is 134727179191 prime?
False
Is 98031743 prime?
True
Is 1140163069 a prime number?
False
Is 5255381933 composite?
True
Is 73721814721 composite?
True
Is 57551099 composite?
False
Is 907524799 a prime number?
False
Is 6928357669 prime?
False
Is 4240490183 a prime number?
False
Is 53628538361 a composite number?
True
Is 50725437881 a prime number?
True
Is 2287422617 prime?
True
Is 4201429 prime?
True
Is 621597139 prime?
True
Is 133459343 prime?
True
Is 5530363537 a prime number?
True
Is 172847543 prime?
False
Is 312131441773 prime?
False
Is 806303747 a prime number?
True
Is 844820833 a composite number?
False
Is 3054605009 a prime number?
True
Is 14574776981 prime?
False
Is 3351265321 prime?
False
Is 16605230869 a composite number?
True
Is 16930487147 composite?
True
Is 7739686657 prime?
True
Is 2185748509 a composite number?
True
Is 28351927 a composite number?
False
Is 73862251 a composite number?
True
Is 25059033687 a composite number?
True
Is 39115149319 a composite number?
False
Is 5023198561 composite?
True
Is 8383069763 prime?
True
Is 1323472799 prime?
False
Is 2393505043 a prime number?
False
Is 725027839 a composite number?
True
Is 23399354567 composite?
False
Is 2775084307 a prime number?
False
Is 3230683711 a prime number?
True
Is 4412895743 a composite number?
True
Is 27005219621 a prime number?
True
Is 113957761 a composite number?
False
Is 2544022159 composite?
True
Is 216851174193 a prime number?
False
Is 217373857 composite?
False
Is 67530337051 prime?
True
Is 4174565957 composite?
True
Is 567555949 composite?
False
Is 307337741 a composite number?
False
Is 338710847 a prime number?
True
Is 2651167913 composite?
True
Is 23876869 prime?
True
Is 31107580927 a composite number?
False
Is 5405769493 a composite number?
False
Is 126550007 composite?
True
Is 2828627293 a prime number?
False
Is 1677950467 a prime number?
True
Is 345276881 prime?
True
Is 49919859493 prime?
False
Is 309748934861 a prime number?
False
Is 31898029783 a composite number?
False
Is 437552459 prime?
True
Is 3384388909 a prime number?
False
Is 241960519601 a composite number?
False
Is 1422826481 a composite number?
True
Is 14294049839 prime?
True
Is 358510134601 a prime number?
True
Is 490977341 a composite number?
True
Is 2846419369 prime?
False
Is 2518355233 a composite number?
True
Is 34308171581 a composite number?
False
Is 51916038041 a composite number?
True
Is 9372730979 a composite number?
False
Is 2843711813 prime?
False
Is 4839371401 composite?
False
Is 128949282701 prime?
True
Is 58900649957 composite?
True
Is 20527289 a composite number?
False
Is 32259271591 a composite number?
False
Is 26648863937 prime?
False
Is 137217102727 composite?
True
Is 120538433 a composite number?
False
Is 81646333 prime?
True
Is 166304297 a prime number?
True
Is 97677857 a composite number?
False
Is 56412757 a composite number?
True
Is 756651635 prime?
False
Is 98641033 a composite number?
True
Is 22996876673 a prime number?
True
Is 104120734 a composite number?
True
Is 35578441293 a prime number?
False
Is 51217781 a composite number?
False
Is 422701921 a composite number?
True
Is 183672032543 prime?
True
Is 268764143 a prime number?
False
Is 746142283 a prime number?
True
Is 60434177 a prime number?
False
Is 8475614185 a composite number?
True
Is 11055398519 a composite number?
True
Is 5025386869 a prime number?
False
Is 24356561 prime?
True
Is 136716693 composite?
True
Is 1507000994 a composite number?
True
Is 110569139167 a composite number?
False
Is 2168092181 prime?
True
Is 9794363307 prime?
False
Is 830255411 a composite number?
False
Is 8586497279 a composite number?
False
Is 143403804809 prime?
False
Is 1059596273 a composite number?
False
Is 31844319761 composite?
False
Is 3381928859 composite?
False
Is 1157581781 prime?
True
Is 15799775327 a prime number?
False
Is 2251801247 prime?
False
Is 26538348803 prime?
True
Is 2460521029 a prime number?
False
Is 23890576223 a composite number?
True
Is 42686465561 a prime number?
False
Is 286496963 a prime number?
False
Is 131468880289 a prime number?
False
Is 3180363217 a composite number?
True
Is 335131799 composite?
True
Is 30738430529 a composite number?
True
Is 817119679 a prime number?
True
Is 195144060161 a prime number?
True
Is 455775317 a composite number?
True
Is 536309303 a prime number?
True
Is 1983288721 a composite number?
True
Is 4733444459 a composite number?
True
Is 4649074393 a prime number?
True
Is 554876807 composite?
True
Is 17044664863 composite?
True
Is 413013805 prime?
False
Is 3563089963 a prime number?
True
Is 64929993389 a composite number?
True
Is 113525188666 composite?
True
Is 2788374257 composite?
False
Is 254809483 a composite number?
False
Is 1106387327 prime?
True
Is 49717344253 composite?
True
Is 380527409 a prime number?
True
Is 14108617427 a prime number?